e 0 = -6*d + b*d - 6. Suppose -75 = -3*r - d*r. What are the prime factors of r?
3, 5
Let d(m) = 2*m**2 + 37*m. What are the prime factors of d(-25)?
5, 13
Suppose 8 + 2 = -2*w, -3*w = 4*y - 1217. Suppose 5*m = m + y. What are the prime factors of m?
7, 11
Suppose n = b - 105 + 655, b - 544 = -n. What are the prime factors of n?
547
Let p = -2748 - -8965. List the prime factors of p.
6217
Suppose 0 = -3*c + 2*m - 12, -m = -5*m. List the prime factors of (2 + 0)*(5 + c).
2
Let a(l) = -l**3 - 11*l**2 + 65*l + 9. List the prime factors of a(-17).
2, 11, 29
Let s be (2 - 4) + 3 - -121. Let q = -45 + s. List the prime factors of q.
7, 11
Let y = 135 - 64. Let f = 246 - y. What are the prime factors of f?
5, 7
Let u = -316 - -474. Suppose -2*d = 2*l - u - 84, 3*d = 4*l - 505. List the prime factors of l.
2, 31
Let c(m) = -m**3 - 4*m**2 + 11*m + 5. Let g be c(-7). Let r = g + -1. List the prime factors of r.
2, 37
Let t(r) be the third derivative of -r**5/60 - r**4/24 + 18*r**3 + 3*r**2. List the prime factors of t(0).
2, 3
Let m be (3/(-4))/((-10)/40). Suppose -4*p = l - 123, 217 = m*l + 4*p - 120. What are the prime factors of l?
107
Let q(d) = -2*d + 8. Let i be q(0). Suppose i = 6*t - 220. What are the prime factors of t?
2, 19
Suppose 0 = -4*i + 2234 - 818. List the prime factors of i.
2, 3, 59
Let j be 12/(-6)*(27/(-6) - -2). Suppose -5*l + 5*u + 712 = -l, j*l - 919 = -u. What are the prime factors of l?
3, 61
Let q be 5/(-6)*2*(-1128)/8. Let v = q + -149. List the prime factors of v.
2, 43
Let p be 117/(-26)*4/(-6). Suppose 26 = -q + p. Let t = q + 45. What are the prime factors of t?
2, 11
Let f be 3 - 2 - (0 - 5). Suppose 0 = -f*q + q - 120. What are the prime factors of (-2)/(-8) + (-1650)/q?
3, 23
List the prime factors of ((-28384)/(-24) - 17)*(0 + 3).
13, 269
Let n(m) be the second derivative of 7*m**4/12 - m**3/3 - 6*m**2 + 14*m. List the prime factors of n(5).
3, 17
Let i be (-99)/(-21) + 8/28. Let w = i - 3. Suppose w*o - 39 + 3 = 0. List the prime factors of o.
2, 3
Let r = 40 + 74. Suppose -d + 5*d - 2*b - r = 0, -d + 2*b + 30 = 0. List the prime factors of d.
2, 7
Suppose -2*q + 17 = -o + q, 0 = 5*q - 15. Let t(d) = 2*d**2 + 8*d - 6. List the prime factors of t(o).
2, 29
Let l be ((-16)/28)/1*-7. Suppose t - l*f + 9 = 0, -t - 11 = -5*f + 1. List the prime factors of t.
3
Let q = -1863 + 4033. What are the prime factors of (-10)/(-8) + q/56?
2, 5
Let q(s) = 2*s**3 - 42*s**2 + 14*s + 55. List the prime factors of q(21).
349
What are the prime factors of (214/5)/((-22)/(-770))?
2, 7, 107
Let p(g) = 9*g**3 - g**2 - 2*g + 1. Let d be ((-1)/1)/((-2)/(-4)). Let k be p(d). Let j = -44 - k. List the prime factors of j.
3
Let m(i) = -i**2 + 23*i - 18. Suppose 0 = -6*a - 8 + 50. Suppose 0 = -2*p, a*p = -4*b + 2*p + 72. List the prime factors of m(b).
2, 3
Suppose -4*n + 11 = -3*n. Suppose -s = 2*y - n - 99, -204 = -4*y + 2*s. What are the prime factors of y?
53
Suppose 459 + 3967 = 2*l. List the prime factors of l.
2213
Suppose -45 = 3*f - 5*w + 11, 4*w = 2*f + 36. Let r be (-22666)/(-154) - (-4)/f. Suppose 0*p - r = -3*p. What are the prime factors of p?
7
Let u = 2625 - 4948. What are the prime factors of u/(-11) + (-2)/11?
211
Let d be (18/4)/((-6)/8). Let q(i) = -i - 5. Let n be q(d). Suppose -n = 2*a - 17. List the prime factors of a.
2
Let w = 20 + -2. Suppose d - 36 = -2*d. Suppose -2*z = -d - w. List the prime factors of z.
3, 5
Suppose a - 123 = -j, -2*j + 2*a + 349 = j. List the prime factors of j.
7, 17
Suppose -z - 58 = -52. Let r = 48 - z. List the prime factors of r.
2, 3
Suppose -4*f + 5 = -5*h, -5*f - 2*h + 15 = -16. Suppose 0 = -f*x - 3*y + 291, 0*x - 5*x = -3*y - 309. What are the prime factors of x?
2, 3, 5
Let a be -18*2/(-4)*-2. List the prime factors of (a/(-15) - 1)*1285.
257
Let j = -69 - -750. What are the prime factors of j?
3, 227
Suppose -4*w + 185 = -3467. List the prime factors of w.
11, 83
What are the prime factors of (0 - -5413)*(-4 + 3)/(-1)?
5413
Let z(l) = -4*l**3 - 2*l**2 + 2*l. Suppose -4*d - 5*y = 93, 6*y - 5*y + 1 = 0. Let f = -24 - d. What are the prime factors of z(f)?
2, 5
Let c(q) = -q**3 - 3*q**2 + 4*q. Let f be c(-4). Suppose -5*i + 5 = f, -10 + 3 = -4*z + i. List the prime factors of z.
2
Suppose 3*k = -0*k + 39. Suppose -5 = 4*x - k. Let u(z) = 27*z + 3. List the prime factors of u(x).
3, 19
Let y(r) = -2*r**2 + 6*r - 4. Let v be y(3). What are the prime factors of (-22)/v*(3 + 0 + 5)?
2, 11
Let a(w) = w + 5. Let m be a(-7). Let r(h) = 25*h + 5. Let g be r(m). Let j = g + 77. What are the prime factors of j?
2
Let n = 346 - -130. List the prime factors of n.
2, 7, 17
Let h(i) = 4*i**3 + i**2 + 2*i - 2. Let a be 3/(-3 + 27/12). Let x be 6*a*4/(-48). What are the prime factors of h(x)?
2, 19
Let p(w) = w**3 + 22*w**2 - 31*w + 50. What are the prime factors of p(-22)?
2, 3, 61
List the prime factors of (135 + 9)/(1/2).
2, 3
Suppose t - 14 = -2. Suppose -w - 2*o = -t, -4*w = -6*w + 3*o + 3. Suppose 5*a = -2*u + 418, 4*u - w*u = a - 90. What are the prime factors of a?
2, 41
What are the prime factors of (36774/4)/3 + (-171)/114?
3, 1021
Let l(v) = 13*v + 1. Suppose -60 = -3*d - 3*c, -14 = 5*d - 2*c - 79. Suppose -17 = 3*b + 5*z, 5*z + d + 4 = -b. What are the prime factors of l(b)?
2, 7
What are the prime factors of 380 + -1 - (15 + -18)?
2, 191
Let a = 349 - 213. Suppose 0 = -2*v + 138 + a. What are the prime factors of v?
137
Suppose 7*x = -2*x + 19683. List the prime factors of x.
3
List the prime factors of (-1388)/(-7) + (-36)/126.
2, 3, 11
Let x = -407 + 1279. List the prime factors of x.
2, 109
Let k = -32 + 34. Suppose -58 = 4*m + k. Let x = m + 34. What are the prime factors of x?
19
Suppose -4*t - 1186 = -2*l, -3*l - 4*t - 436 + 2255 = 0. What are the prime factors of l?
601
Suppose 2 = b - 1. Suppose 0 = b*a - 0*a - 42. List the prime factors of a.
2, 7
Let d(a) be the third derivative of 13*a**4/24 - 16*a**3/3 - 11*a**2 - 3. List the prime factors of d(25).
293
Let b(j) = 47*j**3 - 2*j - 17. What are the prime factors of b(4)?
19, 157
Suppose -67*n + 1179 = 3*m - 62*n, -3*n = -3*m + 1179. What are the prime factors of m?
3, 131
Suppose -5*s + 10 = -15. Suppose -4*h + 14 = -2*j, -s = 2*j + 3*j. Suppose -f = h, 3*z + 3*f = -0*f + 129. What are the prime factors of z?
2, 23
Let y(f) = 94*f**2 - 21*f - 7. List the prime factors of y(4).
3, 157
Suppose 27 = 5*z + 2. What are the prime factors of (-14091)/(-132) - (z/(-4) + 1)?
107
Suppose -r - 2 = 5*b - 27, -r = 0. Let q = -1 + b. Suppose -u + q*u - 114 = 0. List the prime factors of u.
2, 19
Suppose 6*z - 1506 = 1860. List the prime factors of z.
3, 11, 17
Let h(a) = -a**2 + 28*a + 26. What are the prime factors of h(27)?
53
Let v(m) be the third derivative of 13*m**4/12 + m**3/3 + m**2. Let f be v(4). Suppose l - f = -4*l + 2*a, l + 5*a = 5. What are the prime factors of l?
2, 5
What are the prime factors of (2 + -8)*(-36367)/123?
2, 887
Suppose 5*q + 20 = 5*l, 0 = 3*q + 3*l + l + 47. Let h = -2 - q. Suppose 4*a - h*a = -69. List the prime factors of a.
23
Suppose j = m + 423, -2*m + 426 = -9*j + 10*j. List the prime factors of j.
2, 53
Let o(v) = -v - 1. Let q be o(-7). Suppose q*b - 512 = -2*b. What are the prime factors of b?
2
Suppose q + 29 = -0*q. Suppose 7 = 4*a - 117. Let j = q + a. List the prime factors of j.
2
Let g be 4/(-40)*-2466 - (-3)/(-5). Let j = g + -89. What are the prime factors of j?
157
Let a(z) be the first derivative of 3*z**2/2 + 81*z - 18. List the prime factors of a(10).
3, 37
Suppose -5*b - 248 = -2*t + 898, -3*t = 4*b - 1765. Suppose -4*f = 3*p + 20 - 365, 5*p - t = -4*f. What are the prime factors of p?
7, 17
Let n(s) = -3*s**2 + 9*s - 16. Let a be n(16). List the prime factors of 2/(-3) + a/(-15) + -1.
41
Suppose 0 = -5*v + 2*s + 78, -5*v + 0*s - s + 66 = 0. Suppose 152 - v = 3*g. List the prime factors of g.
2, 23
Let g(i) = -2*i**3 - 11*i**2 - 13*i - 71. List the prime factors of g(-11).
23, 61
Let b = 69 + 24. Suppose -3*d - i = -105, -7*i = 3*d - 2*i - b. List the prime factors of d.
2, 3
Let h be 4 + -2 - 3 - -3. Suppose 0 = u + 2*r - 29, 3*u + h*r = 7*r + 32. What are the prime factors of u?
19
Let y(d) = 40*d**2 - 4*d - 27. What are the prime factors of y(-5)?
3, 331
Let n(m) = -4*m + 34. Let y be